{"id":22264,"date":"2026-04-20T00:09:03","date_gmt":"2026-04-19T22:09:03","guid":{"rendered":"https:\/\/www.artsmusica.net\/cursos\/?page_id=22264"},"modified":"2026-04-21T16:45:28","modified_gmt":"2026-04-21T14:45:28","slug":"lifetime","status":"publish","type":"page","link":"https:\/\/www.artsmusica.net\/cursos\/lifetime\/","title":{"rendered":"LIFETIME"},"content":{"rendered":"\n<div style=\"height:38px\" aria-hidden=\"true\" class=\"wp-block-spacer\" data-block-type=\"core\"><\/div>\n\n\n\n<p>Tenemos <strong>4 nuevas plazas<\/strong> para los planes lifetime de ArtsM\u00fasica. Haz un solo pago y disfruta para siempre de nuestra escuela, sin m\u00e1s pagos mensuales. Acceso de por vida.<\/p>\n\n\n\n<div class=\"wp-block-stackable-columns alignfull stk-block-columns stk-block stk-a95813c\" data-block-id=\"a95813c\"><style>.stk-a95813c .stk--block-align-a95813c{align-items:flex-start !important;}.stk-a95813c {margin-top:var(--stk--preset--spacing--70, 3.38rem) !important;margin-bottom:var(--stk--preset--spacing--70, 3.38rem) !important;}.stk-a95813c-column{--stk-columns-spacing:13px !important;row-gap:0px !important;}<\/style><div class=\"stk-row stk-inner-blocks stk--block-align-a95813c stk-block-content stk-content-align stk-a95813c-column alignwide\">\n<div class=\"wp-block-stackable-column stk-block-column stk-column stk-block stk-445a9de\" data-v=\"4\" data-block-id=\"445a9de\"><style>.stk-445a9de {border-top-left-radius:0px !important;border-top-right-radius:0px !important;border-bottom-right-radius:0px !important;border-bottom-left-radius:0px !important;overflow:hidden !important;box-shadow:none !important;border-style:solid !important;border-top-width:0px !important;border-right-width:0px !important;border-bottom-width:0px !important;border-left-width:0px !important;}.stk-445a9de-container{background-color:#ffffff1a !important;border-top-left-radius:0px !important;border-top-right-radius:0px !important;border-bottom-right-radius:0px !important;border-bottom-left-radius:0px !important;overflow:hidden !important;border-style:solid !important;border-top-width:0px !important;border-right-width:0px !important;border-bottom-width:0px !important;border-left-width:0px !important;}.stk-445a9de-container:before{background-color:#ffffff1a !important;}@media screen and (min-width: 768px) and (max-width: 1023px){.stk-445a9de {flex:var(--stk-flex-grow, 1) 1 calc(100% - var(--stk-column-gap, 0px) * 0 \/ 1 ) !important;}}<\/style><div class=\"stk-column-wrapper stk-block-column__content stk-container stk-445a9de-container stk-hover-parent\"><div class=\"has-text-align-center stk-block-content stk-inner-blocks stk-445a9de-inner-blocks stk--align-last-block-to-bottom\">\n<div class=\"wp-block-stackable-subtitle stk-block-subtitle stk-block stk-a1b08b8\" data-block-id=\"a1b08b8\"><style>.stk-a1b08b8 .stk-block-subtitle__text{font-size:22px !important;text-transform:uppercase !important;}@media screen and (max-width: 1023px){.stk-a1b08b8 .stk-block-subtitle__text{font-size:22px !important;}}<\/style><p class=\"stk-block-subtitle__text stk-subtitle\">PLAN B\u00c1SICO LIFEtime<\/p><\/div>\n\n\n\n<div class=\"wp-block-stackable-price stk-block-price stk-block stk-4fc09ec\" data-block-id=\"4fc09ec\"><style>.stk-4fc09ec {margin-bottom:36px !important;}<\/style>\n<span class=\"wp-block-stackable-text stk-block-text stk-block stk-a0865ff\" data-block-id=\"a0865ff\"><span class=\"stk-block-text__text\"><\/span><\/span>\n\n\n\n<span class=\"wp-block-stackable-text stk-block-text stk-block stk-79dc930 stk-block-price__price\" data-block-id=\"79dc930\"><span class=\"stk-block-text__text\">299<\/span><\/span>\n\n\n\n<span class=\"wp-block-stackable-text stk-block-text stk-block stk-b92d499\" data-block-id=\"b92d499\"><style>.stk-b92d499 .stk-block-text__text{font-size:38px !important;}@media screen and (max-width: 1023px){.stk-b92d499 .stk-block-text__text{font-size:38px !important;}}<\/style><span class=\"stk-block-text__text\">\u20ac<\/span><\/span>\n<\/div>\n\n\n\n<div class=\"wp-block-stackable-icon-list stk-block-icon-list has-text-align-center stk-block stk-27433b2\" data-block-id=\"27433b2\"><style>.stk-27433b2 {--stk-icon-list-marker-color:#fffffe !important;margin-bottom:40px !important;}.stk-27433b2 .stk-block-icon-list-item__content{align-items:baseline !important;margin-inline:auto !important;}.stk-27433b2 .stk-block-icon-list__group{margin-inline:auto !important;}<\/style><svg style=\"display:none\"><defs><g id=\"stk-icon-list__icon-svg-def-27433b2\"><svg xmlns=\"http:\/\/www.w3.org\/2000\/svg\" viewBox=\"0 0 190 190\"><polygon points=\"173.8,28.4 60.4,141.8 15.7,97.2 5.1,107.8 60.4,163 184.4,39 173.8,28.4\"\/><\/svg><\/g><\/defs><\/svg><div class=\"stk-block-icon-list__ul stk-block-icon-list--column\"><ul class=\"stk-block-icon-list__group\">\n<li class=\"wp-block-stackable-icon-list-item stk-block-icon-list-item stk-block stk-46cafa3\" data-block-id=\"46cafa3\"><div class=\"stk-block-icon-list-item__content\"><span class=\"stk--svg-wrapper\"><div class=\"stk--inner-svg\"><svg aria-hidden=\"true\" width=\"32\" height=\"32\"><use xlink:href=\"#stk-icon-list__icon-svg-def-27433b2\"><\/use><\/svg><\/div><\/span><span class=\"stk-block-icon-list-item__text\">Programa de estudios completo<br>Acceso a todas las clases<br>Comunidad de aprendizaje<br>Asistencia a clases en directo<br>Materiales de estudio<\/span><\/div><\/li>\n<\/ul><\/div><\/div>\n\n\n\n<div class=\"wp-block-stackable-button-group stk-block-button-group stk-block stk-af91e3b\" data-block-id=\"af91e3b\"><div class=\"stk-row stk-inner-blocks stk-block-content stk-button-group\">\n<div class=\"wp-block-stackable-button stk-block-button is-style-ghost stk-block stk-7774273\" data-block-id=\"7774273\"><style>.stk-7774273 .stk-button{background:transparent !important;}.stk-7774273 .stk-button:hover:after{background:transparent !important;opacity:1 !important;}:where(.stk-hover-parent:hover,  .stk-hover-parent.stk--is-hovered) .stk-7774273 .stk-button:after{background:transparent !important;opacity:1 !important;}.stk-7774273 .stk-button:before{border-style:solid !important;}<\/style><a class=\"stk-link stk-button stk--hover-effect-darken\" href=\"https:\/\/www.artsmusica.net\/cursos\/plan-basico-lifetime\/\" target=\"_blank\" rel=\"noreferrer noopener\"><span class=\"stk-button__inner-text\">COMPRAR<\/span><\/a><\/div>\n<\/div><\/div>\n<\/div><\/div><\/div>\n\n\n\n<div class=\"wp-block-stackable-column stk-block-column stk-column stk-block stk-124db86\" data-v=\"4\" data-block-id=\"124db86\"><style>.stk-124db86-container{background-color:#ffffff1a !important;}.stk-124db86-container:before{background-color:#ffffff1a !important;}@media screen and (min-width: 768px) and (max-width: 1023px){.stk-124db86 {flex:var(--stk-flex-grow, 1) 1 calc(100% - var(--stk-column-gap, 0px) * 0 \/ 1 ) !important;}}<\/style><div class=\"stk-column-wrapper stk-block-column__content stk-container stk-124db86-container stk-hover-parent\"><div class=\"has-text-align-center stk-block-content stk-inner-blocks stk-124db86-inner-blocks stk--align-last-block-to-bottom\">\n<div class=\"wp-block-stackable-subtitle stk-block-subtitle stk-block stk-bf462c6\" data-block-id=\"bf462c6\"><style>.stk-bf462c6 .stk-block-subtitle__text{font-size:22px !important;text-transform:uppercase !important;}@media screen and (max-width: 1023px){.stk-bf462c6 .stk-block-subtitle__text{font-size:22px !important;}}<\/style><p class=\"stk-block-subtitle__text stk-subtitle\">PLAN PLUS lifetime<\/p><\/div>\n\n\n\n<div class=\"wp-block-stackable-price stk-block-price stk-block stk-b9a3282\" data-block-id=\"b9a3282\"><style>.stk-b9a3282 {margin-bottom:40px !important;}<\/style>\n<span class=\"wp-block-stackable-text stk-block-text stk-block stk-5b4bcf9\" data-block-id=\"5b4bcf9\"><span class=\"stk-block-text__text\"><\/span><\/span>\n\n\n\n<span class=\"wp-block-stackable-text stk-block-text stk-block stk-f040c56 stk-block-price__price\" data-block-id=\"f040c56\"><span class=\"stk-block-text__text\">599<\/span><\/span>\n\n\n\n<span class=\"wp-block-stackable-text stk-block-text stk-block stk-453eadd\" data-block-id=\"453eadd\"><style>.stk-453eadd .stk-block-text__text{font-size:38px !important;}@media screen and (max-width: 1023px){.stk-453eadd .stk-block-text__text{font-size:38px !important;}}<\/style><span class=\"stk-block-text__text\">\u20ac<\/span><\/span>\n<\/div>\n\n\n\n<div class=\"wp-block-stackable-icon-list stk-block-icon-list has-text-align-center stk-block stk-e41a4aa\" data-block-id=\"e41a4aa\"><style>.stk-e41a4aa {--stk-icon-list-marker-color:#fffffe !important;margin-bottom:40px !important;}.stk-e41a4aa .stk-block-icon-list-item__content{align-items:baseline !important;margin-inline:auto !important;}.stk-e41a4aa .stk-block-icon-list__group{margin-inline:auto !important;}<\/style><svg style=\"display:none\"><defs><g id=\"stk-icon-list__icon-svg-def-e41a4aa\"><svg xmlns=\"http:\/\/www.w3.org\/2000\/svg\" viewBox=\"0 0 190 190\"><polygon points=\"173.8,28.4 60.4,141.8 15.7,97.2 5.1,107.8 60.4,163 184.4,39 173.8,28.4\"\/><\/svg><\/g><\/defs><\/svg><div class=\"stk-block-icon-list__ul stk-block-icon-list--column\"><ul class=\"stk-block-icon-list__group\">\n<li class=\"wp-block-stackable-icon-list-item stk-block-icon-list-item stk-block stk-35f4774\" data-block-id=\"35f4774\"><div class=\"stk-block-icon-list-item__content\"><span class=\"stk--svg-wrapper\"><div class=\"stk--inner-svg\"><svg aria-hidden=\"true\" width=\"32\" height=\"32\"><use xlink:href=\"#stk-icon-list__icon-svg-def-e41a4aa\"><\/use><\/svg><\/div><\/span><span class=\"stk-block-icon-list-item__text\">Programa de estudios completo<br>Acceso a todas las clases<br>Comunidad de aprendizaje<br>Asistencia a clases en directo<br>Materiales de estudio<br><strong>Examen al final de cada curso<\/strong><br><strong>Certificados de los cursos<\/strong><br><strong>Correcciones del profesor<\/strong><br><strong>V\u00eddeo-consultas ilimitadas<\/strong><\/span><\/div><\/li>\n<\/ul><\/div><\/div>\n\n\n\n<div class=\"wp-block-stackable-button-group stk-block-button-group stk-block stk-688b81e\" data-block-id=\"688b81e\"><div class=\"stk-row stk-inner-blocks stk-block-content stk-button-group\">\n<div class=\"wp-block-stackable-button stk-block-button is-style-ghost stk-block stk-908dbdb\" data-block-id=\"908dbdb\"><style>.stk-908dbdb .stk-button{background:transparent !important;}.stk-908dbdb .stk-button:hover:after{background:transparent !important;opacity:1 !important;}:where(.stk-hover-parent:hover,  .stk-hover-parent.stk--is-hovered) .stk-908dbdb .stk-button:after{background:transparent !important;opacity:1 !important;}.stk-908dbdb .stk-button:before{border-style:solid !important;}<\/style><a class=\"stk-link stk-button stk--hover-effect-darken\" href=\"https:\/\/www.artsmusica.net\/cursos\/plan-plus-lifetime\/\" target=\"_blank\" rel=\"noreferrer noopener\"><span class=\"stk-button__inner-text\">COMPRAR<\/span><\/a><\/div>\n<\/div><\/div>\n<\/div><\/div><\/div>\n<\/div><\/div>\n\n\n\n<p><\/p>\n","protected":false},"excerpt":{"rendered":"<p>Tenemos 4 nuevas plazas para los planes lifetime de ArtsM\u00fasica. Haz un solo pago y disfruta para siempre de nuestra escuela, sin m\u00e1s pagos mensuales. Acceso de por vida. PLAN B\u00c1SICO LIFEtime 299 \u20ac COMPRAR PLAN PLUS lifetime 599 \u20ac COMPRAR<\/p>\n","protected":false},"author":1,"featured_media":0,"parent":0,"menu_order":0,"comment_status":"closed","ping_status":"closed","template":"","meta":{"_genesis_hide_title":false,"_genesis_hide_breadcrumbs":false,"_genesis_hide_singular_image":false,"_genesis_hide_footer_widgets":false,"_genesis_custom_body_class":"","_genesis_custom_post_class":"","_genesis_layout":"","footnotes":""},"class_list":{"0":"post-22264","1":"page","2":"type-page","3":"status-publish","5":"entry"},"featured_image_urls_v2":{"full":"","thumbnail":"","medium":"","medium_large":"","large":"","1536x1536":"","2048x2048":"","sidebar-featured":"","genesis-singular-images":"","gb-block-post-grid-landscape":"","gb-block-post-grid-square":""},"post_excerpt_stackable_v2":"<p>Tenemos 4 nuevas plazas para los planes lifetime de ArtsM\u00fasica. Haz un solo pago y disfruta para siempre de nuestra escuela, sin m\u00e1s pagos mensuales. Acceso de por vida. PLAN B\u00c1SICO LIFEtime 299 \u20ac Programa de estudios completoAcceso a todas las clasesComunidad de aprendizajeAsistencia a clases en directoMateriales de estudio COMPRAR PLAN PLUS lifetime 599 \u20ac Programa de estudios completoAcceso a todas las clasesComunidad de aprendizajeAsistencia a clases en directoMateriales de estudioExamen al final de cada cursoCertificados de los cursosCorrecciones del profesorV\u00eddeo-consultas ilimitadas COMPRAR<\/p>\n","category_list_v2":"","author_info_v2":{"name":"Administrador","url":"https:\/\/www.artsmusica.net\/cursos\/author\/admin\/"},"comments_num_v2":"0 comentarios","featured_image_src":null,"featured_image_src_square":null,"jetpack_sharing_enabled":true,"_links":{"self":[{"href":"https:\/\/www.artsmusica.net\/cursos\/wp-json\/wp\/v2\/pages\/22264","targetHints":{"allow":["GET"]}}],"collection":[{"href":"https:\/\/www.artsmusica.net\/cursos\/wp-json\/wp\/v2\/pages"}],"about":[{"href":"https:\/\/www.artsmusica.net\/cursos\/wp-json\/wp\/v2\/types\/page"}],"author":[{"embeddable":true,"href":"https:\/\/www.artsmusica.net\/cursos\/wp-json\/wp\/v2\/users\/1"}],"replies":[{"embeddable":true,"href":"https:\/\/www.artsmusica.net\/cursos\/wp-json\/wp\/v2\/comments?post=22264"}],"version-history":[{"count":16,"href":"https:\/\/www.artsmusica.net\/cursos\/wp-json\/wp\/v2\/pages\/22264\/revisions"}],"predecessor-version":[{"id":22285,"href":"https:\/\/www.artsmusica.net\/cursos\/wp-json\/wp\/v2\/pages\/22264\/revisions\/22285"}],"wp:attachment":[{"href":"https:\/\/www.artsmusica.net\/cursos\/wp-json\/wp\/v2\/media?parent=22264"}],"curies":[{"name":"wp","href":"https:\/\/api.w.org\/{rel}","templated":true}]}}