{"id":20303,"date":"2024-02-15T07:34:18","date_gmt":"2024-02-15T06:34:18","guid":{"rendered":"https:\/\/www.artsmusica.net\/cursos\/?page_id=20303"},"modified":"2024-02-15T07:37:41","modified_gmt":"2024-02-15T06:37:41","slug":"nivel-ii","status":"publish","type":"page","link":"https:\/\/www.artsmusica.net\/cursos\/nivel-ii\/","title":{"rendered":"Nivel II"},"content":{"rendered":"\n<div style=\"height:45px\" aria-hidden=\"true\" class=\"wp-block-spacer\" data-block-type=\"core\"><\/div>\n\n\n\n<h2 class=\"wp-block-heading has-text-align-center indice has-theme-primary-background-color has-text-color has-background\" style=\"color:#ffffff\" data-block-type=\"core\"><strong>Nivel II<\/strong><\/h2>\n\n\n\n<div style=\"height:50px\" aria-hidden=\"true\" class=\"wp-block-spacer\" data-block-type=\"core\"><\/div>\n\n\n\n<div class=\"wp-block-stackable-card alignwide stk-block-card stk-block stk-5aff678 is-style-horizontal\" data-v=\"2\" data-block-id=\"5aff678\"><style>.stk-5aff678{border-top-left-radius:25px !important;border-top-right-radius:25px !important;border-bottom-right-radius:25px !important;border-bottom-left-radius:25px !important;overflow:hidden !important;box-shadow:0px 2px 20px rgba(153,153,153,0.2) !important;margin-bottom:38px !important}.stk-5aff678 .stk-block-card__content{min-height:0px !important;padding-top:25px !important;padding-right:25px !important;padding-bottom:25px !important;padding-left:25px !important}.stk-5aff678 .stk-block-card__image{width:249px !important}.stk-5aff678 .stk-block-card__image img{object-position:49% 51% !important}@media screen and (max-width:1023px){.stk-5aff678 .stk-block-card__image{width:305px !important}}@media screen and (max-width:767px){.stk-5aff678 .stk-block-card__image{width:364px !important;height:263px !important}}<\/style><div class=\"stk--no-padding stk-container stk-5aff678-container stk-hover-parent\"><figure class=\"stk-block-card__image stk-img-wrapper stk-image--shape-stretch\"><img data-recalc-dims=\"1\" loading=\"lazy\" decoding=\"async\" class=\"stk-img wp-image-1783\" src=\"https:\/\/i0.wp.com\/www.artsmusica.net\/cursos\/wp-content\/uploads\/2019\/06\/Piano_b%C3%A1sico_2.jpg?resize=550%2C196&#038;ssl=1\" width=\"550\" height=\"196\" srcset=\"https:\/\/i0.wp.com\/www.artsmusica.net\/cursos\/wp-content\/uploads\/2019\/06\/Piano_b%C3%A1sico_2.jpg?w=550&amp;ssl=1 550w, https:\/\/i0.wp.com\/www.artsmusica.net\/cursos\/wp-content\/uploads\/2019\/06\/Piano_b%C3%A1sico_2.jpg?resize=300%2C107&amp;ssl=1 300w\" sizes=\"auto, (max-width: 550px) 100vw, 550px\" \/><\/figure><div class=\"stk-container-padding stk-block-card__content\"><div class=\"stk-block-content stk-inner-blocks stk-5aff678-inner-blocks\">\n<div class=\"wp-block-stackable-subtitle stk-block-subtitle stk-block stk-65903ec\" data-block-id=\"65903ec\"><style>.stk-65903ec{margin-bottom:0px !important}<\/style><p class=\"stk-block-subtitle__text stk-subtitle\">Nivel II<\/p><\/div>\n\n\n\n<div class=\"wp-block-stackable-heading stk-block-heading stk-block-heading--v2 stk-block stk-2491f0b\" id=\"piano-basico-ii-fundamentos\" data-block-id=\"2491f0b\"><style>.stk-2491f0b{margin-bottom:8px !important}<\/style><h3 class=\"stk-block-heading__text\">Piano b\u00e1sico II: fundamentos<\/h3><\/div>\n\n\n\n<div class=\"wp-block-stackable-text stk-block-text stk-block stk-8d501f5\" data-block-id=\"8d501f5\"><style>.stk-8d501f5{margin-bottom:0px !important}<\/style><p class=\"stk-block-text__text\">Segundo curso de piano b\u00e1sico en el que veremos los fundamentos de la t\u00e9cnica del instrumento.<\/p><\/div>\n\n\n\n<div style=\"height:10px\" aria-hidden=\"true\" class=\"wp-block-spacer\" data-block-type=\"core\"><\/div>\n\n\n<p data-block-type=\"core\"><\/p>\n\n\n<p data-block-type=\"core\"><div class=\"wpc-nav wpc-nav-next-to-complete\">\n  <a href=\"https:\/\/www.artsmusica.net\/cursos\/curso\/piano-basico-ii-fundamentos\/1-notas-simultaneas-en-mano-izquierda-jingle-bells\/\">\n    \u00daltima lecci\u00f3n: 1. Notas simult\u00e1neas en mano izquierda: \"Jingle bells\"  <\/a>\n<\/div>\n<\/p>\n\n\n\n<div style=\"height:20px\" aria-hidden=\"true\" class=\"wp-block-spacer\" data-block-type=\"core\"><\/div>\n\n\n\n<div class=\"wp-block-stackable-button-group stk-block-button-group stk-block stk-eeb0a93\" data-block-id=\"eeb0a93\"><div class=\"stk-row stk-inner-blocks stk-block-content stk-button-group\">\n<div class=\"wp-block-stackable-button stk-block-button stk-block stk-bc821c9\" data-block-id=\"bc821c9\"><style>.stk-bc821c9 .stk-button{min-height:0px !important;padding-top:7px !important;padding-right:22px !important;padding-bottom:7px !important;padding-left:22px !important;background:#444444 !important;border-top-left-radius:12px !important;border-top-right-radius:12px !important;border-bottom-right-radius:12px !important;border-bottom-left-radius:12px !important}<\/style><a class=\"stk-link stk-button stk--hover-effect-darken\" href=\"https:\/\/www.artsmusica.net\/cursos\/piano\/piano-basico-ii-fundamentos\/\" target=\"_blank\" rel=\"noreferrer noopener\"><span class=\"stk-button__inner-text\">Ir al curso<\/span><\/a><\/div>\n<\/div><\/div>\n<\/div><\/div><\/div><\/div>\n\n\n\n<div style=\"height:29px\" aria-hidden=\"true\" class=\"wp-block-spacer\" data-block-type=\"core\"><\/div>\n\n\n\n<div class=\"wp-block-stackable-card alignwide stk-block-card stk-block stk-a3ba701 is-style-horizontal\" data-v=\"2\" data-block-id=\"a3ba701\"><style>.stk-a3ba701{border-top-left-radius:25px !important;border-top-right-radius:25px !important;border-bottom-right-radius:25px !important;border-bottom-left-radius:25px !important;overflow:hidden !important;box-shadow:0px 2px 20px rgba(153,153,153,0.2) !important;margin-bottom:38px !important}.stk-a3ba701 .stk-block-card__content{min-height:0px !important;padding-top:25px !important;padding-right:25px !important;padding-bottom:25px !important;padding-left:25px !important}.stk-a3ba701 .stk-block-card__image{width:249px !important}.stk-a3ba701 .stk-block-card__image img{object-position:49% 51% !important}@media screen and (max-width:1023px){.stk-a3ba701 .stk-block-card__image{width:305px !important}}@media screen and (max-width:767px){.stk-a3ba701 .stk-block-card__image{width:364px !important;height:263px !important}}<\/style><div class=\"stk--no-padding stk-container stk-a3ba701-container stk-hover-parent\"><figure class=\"stk-block-card__image stk-img-wrapper stk-image--shape-stretch\"><img data-recalc-dims=\"1\" loading=\"lazy\" decoding=\"async\" class=\"stk-img wp-image-3250\" src=\"https:\/\/i0.wp.com\/www.artsmusica.net\/cursos\/wp-content\/uploads\/2019\/09\/solfeo2b-1.jpg?resize=585%2C336&#038;ssl=1\" width=\"585\" height=\"336\" srcset=\"https:\/\/i0.wp.com\/www.artsmusica.net\/cursos\/wp-content\/uploads\/2019\/09\/solfeo2b-1.jpg?w=585&amp;ssl=1 585w, https:\/\/i0.wp.com\/www.artsmusica.net\/cursos\/wp-content\/uploads\/2019\/09\/solfeo2b-1.jpg?resize=300%2C172&amp;ssl=1 300w\" sizes=\"auto, (max-width: 585px) 100vw, 585px\" \/><\/figure><div class=\"stk-container-padding stk-block-card__content\"><div class=\"stk-block-content stk-inner-blocks stk-a3ba701-inner-blocks\">\n<div class=\"wp-block-stackable-subtitle stk-block-subtitle stk-block stk-0d937fb\" data-block-id=\"0d937fb\"><style>.stk-0d937fb{margin-bottom:0px !important}<\/style><p class=\"stk-block-subtitle__text stk-subtitle\">Nivel II<\/p><\/div>\n\n\n\n<div class=\"wp-block-stackable-heading stk-block-heading stk-block-heading--v2 stk-block stk-0f4da35\" id=\"solfeo-y-teoria-de-la-musica-ii\" data-block-id=\"0f4da35\"><style>.stk-0f4da35{margin-bottom:8px !important}<\/style><h3 class=\"stk-block-heading__text\">Solfeo y teor\u00eda de la m\u00fasica II<\/h3><\/div>\n\n\n\n<div class=\"wp-block-stackable-text stk-block-text stk-block stk-52dab02\" data-block-id=\"52dab02\"><style>.stk-52dab02{margin-bottom:0px !important}<\/style><p class=\"stk-block-text__text\">Curso en donde aprenderemos elementos imprescindibles para lectura y escritura de partituras.<\/p><\/div>\n\n\n\n<div style=\"height:10px\" aria-hidden=\"true\" class=\"wp-block-spacer\" data-block-type=\"core\"><\/div>\n\n\n<p data-block-type=\"core\"><\/p>\n\n\n<p data-block-type=\"core\"><div class=\"wpc-nav wpc-nav-next-to-complete\">\n  <a href=\"https:\/\/www.artsmusica.net\/cursos\/curso\/solfeo-y-teoria-de-la-musica-ii\/1-la-clave-de-fa\/\">\n    \u00daltima lecci\u00f3n: 1. La clave de Fa  <\/a>\n<\/div>\n<\/p>\n\n\n\n<div style=\"height:20px\" aria-hidden=\"true\" class=\"wp-block-spacer\" data-block-type=\"core\"><\/div>\n\n\n\n<div class=\"wp-block-stackable-button-group stk-block-button-group stk-block stk-222463b\" data-block-id=\"222463b\"><div class=\"stk-row stk-inner-blocks stk-block-content stk-button-group\">\n<div class=\"wp-block-stackable-button stk-block-button stk-block stk-276a3cb\" data-block-id=\"276a3cb\"><style>.stk-276a3cb .stk-button{min-height:0px !important;padding-top:7px !important;padding-right:22px !important;padding-bottom:7px !important;padding-left:22px !important;background:#444444 !important;border-top-left-radius:12px !important;border-top-right-radius:12px !important;border-bottom-right-radius:12px !important;border-bottom-left-radius:12px !important}<\/style><a class=\"stk-link stk-button stk--hover-effect-darken\" href=\"https:\/\/www.artsmusica.net\/cursos\/solfeo-y-teoria-de-la-musica\/solfeo-y-teoria-de-la-musica-ii\/\" target=\"_blank\" rel=\"noreferrer noopener\"><span class=\"stk-button__inner-text\">Ir al curso<\/span><\/a><\/div>\n<\/div><\/div>\n<\/div><\/div><\/div><\/div>\n\n\n\n<div style=\"height:30px\" aria-hidden=\"true\" class=\"wp-block-spacer\" data-block-type=\"core\"><\/div>\n\n\n\n<div class=\"wp-block-stackable-card alignwide stk-block-card stk-block stk-f94e233 is-style-horizontal\" data-v=\"2\" data-block-id=\"f94e233\"><style>.stk-f94e233{border-top-left-radius:25px !important;border-top-right-radius:25px !important;border-bottom-right-radius:25px !important;border-bottom-left-radius:25px !important;overflow:hidden !important;box-shadow:0px 2px 20px rgba(153,153,153,0.2) !important;margin-bottom:38px !important}.stk-f94e233 .stk-block-card__content{min-height:0px !important;padding-top:25px !important;padding-right:25px !important;padding-bottom:25px !important;padding-left:25px !important}.stk-f94e233 .stk-block-card__image{width:249px !important}.stk-f94e233 .stk-block-card__image img{object-position:49% 51% !important}@media screen and (max-width:1023px){.stk-f94e233 .stk-block-card__image{width:305px !important}}@media screen and (max-width:767px){.stk-f94e233 .stk-block-card__image{width:364px !important;height:263px !important}}<\/style><div class=\"stk--no-padding stk-container stk-f94e233-container stk-hover-parent\"><figure class=\"stk-block-card__image stk-img-wrapper stk-image--shape-stretch\"><img data-recalc-dims=\"1\" loading=\"lazy\" decoding=\"async\" class=\"stk-img wp-image-1792\" src=\"https:\/\/i0.wp.com\/www.artsmusica.net\/cursos\/wp-content\/uploads\/2019\/06\/mozart_curso_historia.jpg?resize=500%2C281&#038;ssl=1\" width=\"500\" height=\"281\" srcset=\"https:\/\/i0.wp.com\/www.artsmusica.net\/cursos\/wp-content\/uploads\/2019\/06\/mozart_curso_historia.jpg?w=500&amp;ssl=1 500w, https:\/\/i0.wp.com\/www.artsmusica.net\/cursos\/wp-content\/uploads\/2019\/06\/mozart_curso_historia.jpg?resize=300%2C169&amp;ssl=1 300w\" sizes=\"auto, (max-width: 500px) 100vw, 500px\" \/><\/figure><div class=\"stk-container-padding stk-block-card__content\"><div class=\"stk-block-content stk-inner-blocks stk-f94e233-inner-blocks\">\n<div class=\"wp-block-stackable-subtitle stk-block-subtitle stk-block stk-511b3a0\" data-block-id=\"511b3a0\"><style>.stk-511b3a0{margin-bottom:0px !important}<\/style><p class=\"stk-block-subtitle__text stk-subtitle\">Nivel II<\/p><\/div>\n\n\n\n<div class=\"wp-block-stackable-heading stk-block-heading stk-block-heading--v2 stk-block stk-7c8b92b\" id=\"la-musica-en-la-epoca-de-haydn-mozart-y-beethoven\" data-block-id=\"7c8b92b\"><style>.stk-7c8b92b{margin-bottom:8px !important}<\/style><h3 class=\"stk-block-heading__text\">La m\u00fasica en la \u00e9poca de Haydn, Mozart y Beethoven<\/h3><\/div>\n\n\n\n<div class=\"wp-block-stackable-text stk-block-text stk-block stk-3c625da\" data-block-id=\"3c625da\"><style>.stk-3c625da{margin-bottom:0px !important}<\/style><p class=\"stk-block-text__text\">Curso de historia de la m\u00fasica de los grandes genios y prodigios: la primera escuela de Viena.<\/p><\/div>\n\n\n\n<div style=\"height:10px\" aria-hidden=\"true\" class=\"wp-block-spacer\" data-block-type=\"core\"><\/div>\n\n\n<p data-block-type=\"core\"><\/p>\n\n\n<p data-block-type=\"core\"><div class=\"wpc-nav wpc-nav-next-to-complete\">\n  <a href=\"https:\/\/www.artsmusica.net\/cursos\/curso\/la-musica-en-la-epoca-de-haydn-mozart-y-beethoven\/1-la-transicion-del-clasicismo-al-romanticismo-el-estilo-galante\/\">\n    \u00daltima lecci\u00f3n: 1. La transici\u00f3n del Clasicismo al Romanticismo: el estilo galante  <\/a>\n<\/div>\n<\/p>\n\n\n\n<div style=\"height:20px\" aria-hidden=\"true\" class=\"wp-block-spacer\" data-block-type=\"core\"><\/div>\n\n\n\n<div class=\"wp-block-stackable-button-group stk-block-button-group stk-block stk-5d10111\" data-block-id=\"5d10111\"><div class=\"stk-row stk-inner-blocks stk-block-content stk-button-group\">\n<div class=\"wp-block-stackable-button stk-block-button stk-block stk-5946bb7\" data-block-id=\"5946bb7\"><style>.stk-5946bb7 .stk-button{min-height:0px !important;padding-top:7px !important;padding-right:22px !important;padding-bottom:7px !important;padding-left:22px !important;background:#444444 !important;border-top-left-radius:12px !important;border-top-right-radius:12px !important;border-bottom-right-radius:12px !important;border-bottom-left-radius:12px !important}<\/style><a class=\"stk-link stk-button stk--hover-effect-darken\" href=\"https:\/\/www.artsmusica.net\/cursos\/apreciacion-musical\/la-musica-en-la-epoca-de-haydn-mozart-y-beethoven\/\" target=\"_blank\" rel=\"noreferrer noopener\"><span class=\"stk-button__inner-text\">Ir al curso<\/span><\/a><\/div>\n<\/div><\/div>\n<\/div><\/div><\/div><\/div>\n\n\n\n<div style=\"height:30px\" aria-hidden=\"true\" class=\"wp-block-spacer\" data-block-type=\"core\"><\/div>\n\n\n\n<div class=\"wp-block-stackable-card alignwide stk-block-card stk-block stk-bb37333 is-style-horizontal\" data-v=\"2\" data-block-id=\"bb37333\"><style>.stk-bb37333{border-top-left-radius:25px !important;border-top-right-radius:25px !important;border-bottom-right-radius:25px !important;border-bottom-left-radius:25px !important;overflow:hidden !important;box-shadow:0px 2px 20px rgba(153,153,153,0.2) !important;margin-bottom:38px !important}.stk-bb37333 .stk-block-card__content{min-height:0px !important;padding-top:25px !important;padding-right:25px !important;padding-bottom:25px !important;padding-left:25px !important}.stk-bb37333 .stk-block-card__image{width:249px !important}.stk-bb37333 .stk-block-card__image img{object-position:49% 51% !important}@media screen and (max-width:1023px){.stk-bb37333 .stk-block-card__image{width:305px !important}}@media screen and (max-width:767px){.stk-bb37333 .stk-block-card__image{width:364px !important;height:263px !important}}<\/style><div class=\"stk--no-padding stk-container stk-bb37333-container stk-hover-parent\"><figure class=\"stk-block-card__image stk-img-wrapper stk-image--shape-stretch\"><img data-recalc-dims=\"1\" loading=\"lazy\" decoding=\"async\" class=\"stk-img wp-image-4270\" src=\"https:\/\/i0.wp.com\/www.artsmusica.net\/cursos\/wp-content\/uploads\/2019\/11\/musescore_curso.jpg?resize=650%2C650&#038;ssl=1\" width=\"650\" height=\"650\" srcset=\"https:\/\/i0.wp.com\/www.artsmusica.net\/cursos\/wp-content\/uploads\/2019\/11\/musescore_curso.jpg?w=650&amp;ssl=1 650w, https:\/\/i0.wp.com\/www.artsmusica.net\/cursos\/wp-content\/uploads\/2019\/11\/musescore_curso.jpg?resize=150%2C150&amp;ssl=1 150w, https:\/\/i0.wp.com\/www.artsmusica.net\/cursos\/wp-content\/uploads\/2019\/11\/musescore_curso.jpg?resize=300%2C300&amp;ssl=1 300w, https:\/\/i0.wp.com\/www.artsmusica.net\/cursos\/wp-content\/uploads\/2019\/11\/musescore_curso.jpg?resize=600%2C600&amp;ssl=1 600w\" sizes=\"auto, (max-width: 650px) 100vw, 650px\" \/><\/figure><div class=\"stk-container-padding stk-block-card__content\"><div class=\"stk-block-content stk-inner-blocks stk-bb37333-inner-blocks\">\n<div class=\"wp-block-stackable-subtitle stk-block-subtitle stk-block stk-81e1583\" data-block-id=\"81e1583\"><style>.stk-81e1583{margin-bottom:0px !important}<\/style><p class=\"stk-block-subtitle__text stk-subtitle\">Nivel II<\/p><\/div>\n\n\n\n<div class=\"wp-block-stackable-heading stk-block-heading stk-block-heading--v2 stk-block stk-1565f93\" id=\"escribiendo-partituras-en-muse-score\" data-block-id=\"1565f93\"><style>.stk-1565f93{margin-bottom:8px !important}<\/style><h3 class=\"stk-block-heading__text\">Escribiendo partituras en MuseScore<\/h3><\/div>\n\n\n\n<div class=\"wp-block-stackable-text stk-block-text stk-block stk-43e9a6f\" data-block-id=\"43e9a6f\"><style>.stk-43e9a6f{margin-bottom:0px !important}<\/style><p class=\"stk-block-text__text\">Tutorial en donde estudiaremos en profundidad la herramienta de notaci\u00f3n musical por excelencia.<\/p><\/div>\n\n\n\n<div style=\"height:10px\" aria-hidden=\"true\" class=\"wp-block-spacer\" data-block-type=\"core\"><\/div>\n\n\n<p data-block-type=\"core\"><\/p>\n\n\n<p data-block-type=\"core\"><div class=\"wpc-nav wpc-nav-next-to-complete\">\n  <a href=\"https:\/\/www.artsmusica.net\/cursos\/software-y-tecnologia-musical\/tutorial-escribiendo-partituras-en-musescore\/\">\n    \u00daltima lecci\u00f3n: Tutorial \"Escribiendo partituras en MuseScore\"  <\/a>\n<\/div>\n<\/p>\n\n\n\n<div style=\"height:20px\" aria-hidden=\"true\" class=\"wp-block-spacer\" data-block-type=\"core\"><\/div>\n\n\n\n<div class=\"wp-block-stackable-button-group stk-block-button-group stk-block stk-608c852\" data-block-id=\"608c852\"><div class=\"stk-row stk-inner-blocks stk-block-content stk-button-group\">\n<div class=\"wp-block-stackable-button stk-block-button stk-block stk-e321c39\" data-block-id=\"e321c39\"><style>.stk-e321c39 .stk-button{min-height:0px !important;padding-top:7px !important;padding-right:22px !important;padding-bottom:7px !important;padding-left:22px !important;background:#444444 !important;border-top-left-radius:12px !important;border-top-right-radius:12px !important;border-bottom-right-radius:12px !important;border-bottom-left-radius:12px !important}<\/style><a class=\"stk-link stk-button stk--hover-effect-darken\" href=\"https:\/\/www.artsmusica.net\/cursos\/software-y-tecnologia-musical\/tutorial-escribiendo-partituras-en-musescore\/\" target=\"_blank\" rel=\"noreferrer noopener\"><span class=\"stk-button__inner-text\">Ir al tutorial<\/span><\/a><\/div>\n<\/div><\/div>\n<\/div><\/div><\/div><\/div>\n","protected":false},"excerpt":{"rendered":"<p>Nivel II Nivel II Piano b\u00e1sico II: fundamentos Segundo curso de piano b\u00e1sico en el que veremos los fundamentos de la t\u00e9cnica del instrumento. Ir al curso Nivel II Solfeo y teor\u00eda de la m\u00fasica II Curso en donde aprenderemos elementos imprescindibles para lectura y escritura de partituras. Ir al curso Nivel II La m\u00fasica [&hellip;]<\/p>\n","protected":false},"author":1,"featured_media":0,"parent":0,"menu_order":0,"comment_status":"closed","ping_status":"closed","template":"","meta":{"_genesis_hide_title":true,"_genesis_hide_breadcrumbs":false,"_genesis_hide_singular_image":false,"_genesis_hide_footer_widgets":false,"_genesis_custom_body_class":"","_genesis_custom_post_class":"","_genesis_layout":"sidebar-content","footnotes":""},"class_list":{"0":"post-20303","1":"page","2":"type-page","3":"status-publish","5":"entry"},"featured_image_urls_v2":{"full":"","thumbnail":"","medium":"","medium_large":"","large":"","1536x1536":"","2048x2048":"","sidebar-featured":"","genesis-singular-images":"","gb-block-post-grid-landscape":"","gb-block-post-grid-square":""},"post_excerpt_stackable_v2":"<p>Nivel II Nivel II Piano b\u00e1sico II: fundamentos Segundo curso de piano b\u00e1sico en el que veremos los fundamentos de la t\u00e9cnica del instrumento. \u00daltima lecci\u00f3n: 1. Notas simult\u00e1neas en mano izquierda: \u00abJingle bells\u00bb Ir al curso Nivel II Solfeo y teor\u00eda de la m\u00fasica II Curso en donde aprenderemos elementos imprescindibles para lectura y escritura de partituras. \u00daltima lecci\u00f3n: 1. La clave de Fa Ir al curso Nivel II La m\u00fasica en la \u00e9poca de Haydn, Mozart y Beethoven Curso de historia de la m\u00fasica de los grandes genios y prodigios: la primera escuela de Viena. \u00daltima lecci\u00f3n: 1.&hellip;<\/p>\n","category_list_v2":"","author_info_v2":{"name":"Administrador","url":"https:\/\/www.artsmusica.net\/cursos\/author\/admin\/"},"comments_num_v2":"0 comentarios","featured_image_src":null,"featured_image_src_square":null,"jetpack_sharing_enabled":true,"_links":{"self":[{"href":"https:\/\/www.artsmusica.net\/cursos\/wp-json\/wp\/v2\/pages\/20303","targetHints":{"allow":["GET"]}}],"collection":[{"href":"https:\/\/www.artsmusica.net\/cursos\/wp-json\/wp\/v2\/pages"}],"about":[{"href":"https:\/\/www.artsmusica.net\/cursos\/wp-json\/wp\/v2\/types\/page"}],"author":[{"embeddable":true,"href":"https:\/\/www.artsmusica.net\/cursos\/wp-json\/wp\/v2\/users\/1"}],"replies":[{"embeddable":true,"href":"https:\/\/www.artsmusica.net\/cursos\/wp-json\/wp\/v2\/comments?post=20303"}],"version-history":[{"count":9,"href":"https:\/\/www.artsmusica.net\/cursos\/wp-json\/wp\/v2\/pages\/20303\/revisions"}],"predecessor-version":[{"id":20343,"href":"https:\/\/www.artsmusica.net\/cursos\/wp-json\/wp\/v2\/pages\/20303\/revisions\/20343"}],"wp:attachment":[{"href":"https:\/\/www.artsmusica.net\/cursos\/wp-json\/wp\/v2\/media?parent=20303"}],"curies":[{"name":"wp","href":"https:\/\/api.w.org\/{rel}","templated":true}]}}