{"id":4398,"date":"2019-11-11T14:06:05","date_gmt":"2019-11-11T13:06:05","guid":{"rendered":"https:\/\/www.artsmusica.net\/cursos\/?post_type=artsmusica_cursos&#038;p=4398"},"modified":"2021-09-26T19:51:30","modified_gmt":"2021-09-26T17:51:30","slug":"6-intervalos-tonos-y-semitonos","status":"publish","type":"artsmusica_cursos","link":"https:\/\/www.artsmusica.net\/cursos\/curso\/solfeo-y-teoria-de-la-musica-ii\/6-intervalos-tonos-y-semitonos\/","title":{"rendered":"6. Intervalos: tonos y semitonos"},"content":{"rendered":"\n<div style=\"height:50px\" aria-hidden=\"true\" class=\"wp-block-spacer\" data-block-type=\"core\"><\/div>\n\n\n\n<p>En la sexta lecci\u00f3n del curso de \u00abSolfeo y teor\u00eda de la m\u00fasica II\u00bb, vamos a profundizar en un concepto b\u00e1sico de la altura del sonido: el intervalo. Hay que recordar que una de las cualidades o caracter\u00edsticas del sonido es precisamente la altura, es decir, qu\u00e9 tan grave o qu\u00e9 tan agudo es un sonido determinado. Pues hay una forma 100% musical que nos calcula con exactitud dicha altura. \u00a1Comencemos la lecci\u00f3n!<\/p>\n\n\n<p data-block-type=\"core\"><div class=\"rcp_restricted rcp_paid_only\"><p><!-- wp:paragraph {\"backgroundColor\":\"very-light-gray\"} --><\/p>\n<p class=\"has-background has-very-light-gray-background-color\"><i class=\"fas fa-lock\"> <\/i> Este contenido est\u00e1 \u00fanicamente disponible para los suscriptores. Puedes <a href=\"#login\"> identificarte aqu\u00ed<\/a> , <a href=\"https:\/\/www.artsmusica.net\/cursos\/niveles-de-suscripcion\/\"> suscribirte<\/a> o <a href=\"https:\/\/www.artsmusica.net\/cursos\/registro\/\">actualizar tu nivel de suscripci\u00f3n<\/a>.<\/p>\n<p><!-- \/wp:paragraph --><\/p>\n<\/div><\/p>\n\n\n\n<div style=\"height:100px\" aria-hidden=\"true\" class=\"wp-block-spacer\" data-block-type=\"core\"><\/div>\n\n\n\n<p><\/p>\n\n\n\n<h2 class=\"has-text-align-center wp-block-heading\" data-block-type=\"core\">Lecciones del curso<\/h2>\n\n\n\n<p class=\"indice has-very-light-gray-background-color has-background\"><strong><a href=\"https:\/\/www.artsmusica.net\/cursos\/curso\/solfeo-y-teoria-de-la-musica-ii\/1-la-clave-de-fa\/\">Lecci\u00f3n 1. La clave de Fa<\/a><\/strong><\/p>\n\n\n\n<p class=\"indice has-very-light-gray-background-color has-background\"><strong><a href=\"https:\/\/www.artsmusica.net\/cursos\/curso\/solfeo-y-teoria-de-la-musica-ii\/leccion-2-los-puntillos-de-aumentacion-y-la-ligadura\/\">Lecci\u00f3n 2. Los puntillos de aumentaci\u00f3n y la ligadura<\/a><\/strong><\/p>\n\n\n\n<p class=\"indice has-very-light-gray-background-color has-background\"><a href=\"https:\/\/www.artsmusica.net\/cursos\/curso\/solfeo-y-teoria-de-la-musica-ii\/3-los-compases-compuestos\/\"><strong>Lecci\u00f3n 3. Los compases compuestos<\/strong><\/a><\/p>\n\n\n\n<p class=\"indice has-very-light-gray-background-color has-background\"><strong><a href=\"https:\/\/www.artsmusica.net\/cursos\/curso\/solfeo-y-teoria-de-la-musica-ii\/4-los-cambios-de-compas\/\">Lecci\u00f3n 4. Los cambios de comp\u00e1s<\/a><\/strong><\/p>\n\n\n\n<p class=\"indice has-very-light-gray-background-color has-background\"><strong><a href=\"https:\/\/www.artsmusica.net\/cursos\/curso\/solfeo-y-teoria-de-la-musica-ii\/5-dosillos-tresillos-y-subdivisiones-irregulares\/\">Lecci\u00f3n 5. Dosillos, tresillos y divisiones irregulares<\/a><\/strong><\/p>\n\n\n\n<p class=\"indice-destacado has-very-light-gray-background-color has-background\"><strong><a href=\"https:\/\/www.artsmusica.net\/cursos\/curso\/solfeo-y-teoria-de-la-musica-ii\/6-intervalos-tonos-y-semitonos\/\">Lecci\u00f3n 6. Intervalos: tonos y semitonos<\/a><\/strong><\/p>\n\n\n\n<p class=\"indice has-very-light-gray-background-color has-background\"><strong><a href=\"https:\/\/www.artsmusica.net\/cursos\/curso\/solfeo-y-teoria-de-la-musica-ii\/7-sostenido-bemol-y-becuadro\/\">Lecci\u00f3n 7. Sostenido, bemol y becuadro<\/a><\/strong><\/p>\n\n\n\n<p class=\"indice has-very-light-gray-background-color has-background\"><strong><a href=\"https:\/\/www.artsmusica.net\/cursos\/curso\/solfeo-y-teoria-de-la-musica-ii\/8-el-modo-mayor-y-el-modo-menor\/\">Lecci\u00f3n 8. El modo mayor y el modo menor <\/a><\/strong><\/p>\n\n\n\n<p class=\"indice has-very-light-gray-background-color has-background\"><strong><a href=\"https:\/\/www.artsmusica.net\/cursos\/curso\/solfeo-y-teoria-de-la-musica-ii\/9-ejercicio-de-lectura-de-claves-sol-y-fa\/\">Lecci\u00f3n 9. Ejercicios de lectura de claves: Sol y Fa<\/a><\/strong><\/p>\n\n\n\n<p class=\"indice has-very-light-gray-background-color has-background\"><strong><a href=\"https:\/\/www.artsmusica.net\/cursos\/curso\/solfeo-y-teoria-de-la-musica-ii\/10-ejercicios-de-ritmica-musical\/\">Lecci\u00f3n 10. Ejercicios de r\u00edtmica musical<\/a><\/strong><\/p>\n\n\n\n<p class=\"has-text-align-center\"><a href=\"https:\/\/www.artsmusica.net\/cursos\/solfeo-y-teoria-de-la-musica\/solfeo-y-teoria-de-la-musica-ii\/\"><strong>Regresar a la p\u00e1gina principal del curso<\/strong><\/a><\/p>\n","protected":false},"featured_media":0,"parent":3302,"menu_order":6,"template":"","meta":{"_genesis_hide_title":false,"_genesis_hide_breadcrumbs":false,"_genesis_hide_singular_image":false,"_genesis_hide_footer_widgets":false,"_genesis_custom_body_class":"","_genesis_custom_post_class":"","_genesis_layout":"","footnotes":""},"class_list":{"0":"post-4398","1":"artsmusica_cursos","2":"type-artsmusica_cursos","3":"status-publish","5":"entry","6":"has-post-thumbnail"},"featured_image_urls_v2":{"full":"","thumbnail":"","medium":"","medium_large":"","large":"","1536x1536":"","2048x2048":"","sidebar-featured":"","genesis-singular-images":"","gb-block-post-grid-landscape":"","gb-block-post-grid-square":""},"post_excerpt_stackable_v2":"<p>En la sexta lecci\u00f3n del curso de \u00abSolfeo y teor\u00eda de la m\u00fasica II\u00bb, vamos a profundizar en un concepto b\u00e1sico de la altura del sonido: el intervalo. Hay que recordar que una de las cualidades o caracter\u00edsticas del sonido es precisamente la altura, es decir, qu\u00e9 tan grave o qu\u00e9 tan agudo es un sonido determinado. Pues hay una forma 100% musical que nos calcula con exactitud dicha altura. \u00a1Comencemos la lecci\u00f3n! Este contenido est\u00e1 \u00fanicamente disponible para los suscriptores. Puedes identificarte aqu\u00ed , suscribirte o actualizar tu nivel de suscripci\u00f3n. Lecciones del curso Lecci\u00f3n 1. La clave de&hellip;<\/p>\n","category_list_v2":"","author_info_v2":{"name":"","url":""},"comments_num_v2":"0 comentarios","jetpack_sharing_enabled":true,"_links":{"self":[{"href":"https:\/\/www.artsmusica.net\/cursos\/wp-json\/wp\/v2\/artsmusica_cursos\/4398","targetHints":{"allow":["GET"]}}],"collection":[{"href":"https:\/\/www.artsmusica.net\/cursos\/wp-json\/wp\/v2\/artsmusica_cursos"}],"about":[{"href":"https:\/\/www.artsmusica.net\/cursos\/wp-json\/wp\/v2\/types\/artsmusica_cursos"}],"version-history":[{"count":47,"href":"https:\/\/www.artsmusica.net\/cursos\/wp-json\/wp\/v2\/artsmusica_cursos\/4398\/revisions"}],"predecessor-version":[{"id":16760,"href":"https:\/\/www.artsmusica.net\/cursos\/wp-json\/wp\/v2\/artsmusica_cursos\/4398\/revisions\/16760"}],"up":[{"embeddable":true,"href":"https:\/\/www.artsmusica.net\/cursos\/wp-json\/wp\/v2\/artsmusica_cursos\/3302"}],"wp:attachment":[{"href":"https:\/\/www.artsmusica.net\/cursos\/wp-json\/wp\/v2\/media?parent=4398"}],"curies":[{"name":"wp","href":"https:\/\/api.w.org\/{rel}","templated":true}]}}

<div style="height:50px" aria-hidden="true" class="wp-block-spacer" data-block-type="core"></div>



<p>En la sexta lección del curso de «Solfeo y teoría de la música II», vamos a profundizar en un concepto básico de la altura del sonido: el intervalo. Hay que recordar que una de las cualidades o características del sonido es precisamente la altura, es decir, qué tan grave o qué tan agudo es un sonido determinado. Pues hay una forma 100% musical que nos calcula con exactitud dicha altura. ¡Comencemos la lección!</p>


<p data-block-type="core"><div class="rcp_restricted rcp_paid_only"><p><!-- wp:paragraph {"backgroundColor":"very-light-gray"} --></p>
<p class="has-background has-very-light-gray-background-color"><i class="fas fa-lock"> </i> Este contenido está únicamente disponible para los suscriptores. Puedes <a href="#login"> identificarte aquí</a> , <a href="https://www.artsmusica.net/cursos/niveles-de-suscripcion/"> suscribirte</a> o <a href="https://www.artsmusica.net/cursos/registro/">actualizar tu nivel de suscripción</a>.</p>
<p><!-- /wp:paragraph --></p>
</div></p>



<div style="height:100px" aria-hidden="true" class="wp-block-spacer" data-block-type="core"></div>



<p></p>



<h2 class="has-text-align-center wp-block-heading" data-block-type="core">Lecciones del curso</h2>



<p class="indice has-very-light-gray-background-color has-background"><strong><a href="https://www.artsmusica.net/cursos/curso/solfeo-y-teoria-de-la-musica-ii/1-la-clave-de-fa/">Lección 1. La clave de Fa</a></strong></p>



<p class="indice has-very-light-gray-background-color has-background"><strong><a href="https://www.artsmusica.net/cursos/curso/solfeo-y-teoria-de-la-musica-ii/leccion-2-los-puntillos-de-aumentacion-y-la-ligadura/">Lección 2. Los puntillos de aumentación y la ligadura</a></strong></p>



<p class="indice has-very-light-gray-background-color has-background"><a href="https://www.artsmusica.net/cursos/curso/solfeo-y-teoria-de-la-musica-ii/3-los-compases-compuestos/"><strong>Lección 3. Los compases compuestos</strong></a></p>



<p class="indice has-very-light-gray-background-color has-background"><strong><a href="https://www.artsmusica.net/cursos/curso/solfeo-y-teoria-de-la-musica-ii/4-los-cambios-de-compas/">Lección 4. Los cambios de compás</a></strong></p>



<p class="indice has-very-light-gray-background-color has-background"><strong><a href="https://www.artsmusica.net/cursos/curso/solfeo-y-teoria-de-la-musica-ii/5-dosillos-tresillos-y-subdivisiones-irregulares/">Lección 5. Dosillos, tresillos y divisiones irregulares</a></strong></p>



<p class="indice-destacado has-very-light-gray-background-color has-background"><strong><a href="https://www.artsmusica.net/cursos/curso/solfeo-y-teoria-de-la-musica-ii/6-intervalos-tonos-y-semitonos/">Lección 6. Intervalos: tonos y semitonos</a></strong></p>



<p class="indice has-very-light-gray-background-color has-background"><strong><a href="https://www.artsmusica.net/cursos/curso/solfeo-y-teoria-de-la-musica-ii/7-sostenido-bemol-y-becuadro/">Lección 7. Sostenido, bemol y becuadro</a></strong></p>



<p class="indice has-very-light-gray-background-color has-background"><strong><a href="https://www.artsmusica.net/cursos/curso/solfeo-y-teoria-de-la-musica-ii/8-el-modo-mayor-y-el-modo-menor/">Lección 8. El modo mayor y el modo menor </a></strong></p>



<p class="indice has-very-light-gray-background-color has-background"><strong><a href="https://www.artsmusica.net/cursos/curso/solfeo-y-teoria-de-la-musica-ii/9-ejercicio-de-lectura-de-claves-sol-y-fa/">Lección 9. Ejercicios de lectura de claves: Sol y Fa</a></strong></p>



<p class="indice has-very-light-gray-background-color has-background"><strong><a href="https://www.artsmusica.net/cursos/curso/solfeo-y-teoria-de-la-musica-ii/10-ejercicios-de-ritmica-musical/">Lección 10. Ejercicios de rítmica musical</a></strong></p>



<p class="has-text-align-center"><a href="https://www.artsmusica.net/cursos/solfeo-y-teoria-de-la-musica/solfeo-y-teoria-de-la-musica-ii/"><strong>Regresar a la página principal del curso</strong></a></p>

<p>En la sexta lección del curso de «Solfeo y teoría de la música II», vamos a profundizar en un concepto básico de la altura del sonido: el intervalo. Hay que recordar que una de las cualidades o características del sonido es precisamente la altura, es decir, qué tan grave o qué tan agudo es un sonido determinado. Pues hay una forma 100% musical que nos calcula con exactitud dicha altura. ¡Comencemos la lección! Este contenido está únicamente disponible para los suscriptores. Puedes identificarte aquí , suscribirte o actualizar tu nivel de suscripción. Lecciones del curso Lección 1. La clave de&hellip;</p>
