{"id":13824,"date":"2021-01-29T22:09:50","date_gmt":"2021-01-29T21:09:50","guid":{"rendered":"https:\/\/www.artsmusica.net\/cursos\/?post_type=artsmusica_clases&#038;p=13824"},"modified":"2021-02-21T08:42:33","modified_gmt":"2021-02-21T07:42:33","slug":"clase-magistral-introduccion-a-la-composicion-musical","status":"publish","type":"artsmusica_clases","link":"https:\/\/www.artsmusica.net\/cursos\/clases_grabaciones\/clase-magistral-introduccion-a-la-composicion-musical\/","title":{"rendered":"Clase magistral: Introducci\u00f3n a la composici\u00f3n musical"},"content":{"rendered":"\n<div style=\"height:50px\" aria-hidden=\"true\" class=\"wp-block-spacer\" data-block-type=\"core\"><\/div>\n\n\n\n<div class=\"wp-block-image\" data-block-type=\"core\"><figure class=\"aligncenter size-large\"><a href=\"https:\/\/i0.wp.com\/www.artsmusica.net\/cursos\/wp-content\/uploads\/2021\/01\/introduccion_a_la_composicion.jpg?ssl=1\"><img data-recalc-dims=\"1\" loading=\"lazy\" decoding=\"async\" width=\"596\" height=\"400\" src=\"https:\/\/i0.wp.com\/www.artsmusica.net\/cursos\/wp-content\/uploads\/2021\/01\/introduccion_a_la_composicion.jpg?resize=596%2C400&#038;ssl=1\" alt=\"\" class=\"wp-image-13793\" srcset=\"https:\/\/i0.wp.com\/www.artsmusica.net\/cursos\/wp-content\/uploads\/2021\/01\/introduccion_a_la_composicion.jpg?w=596&amp;ssl=1 596w, https:\/\/i0.wp.com\/www.artsmusica.net\/cursos\/wp-content\/uploads\/2021\/01\/introduccion_a_la_composicion.jpg?resize=300%2C201&amp;ssl=1 300w\" sizes=\"auto, (max-width: 596px) 100vw, 596px\" \/><\/a><\/figure><\/div>\n\n\n\n<div style=\"height:50px\" aria-hidden=\"true\" class=\"wp-block-spacer\" data-block-type=\"core\"><\/div>\n\n\n\n<p>Seguimos con el ciclo de clases magistrales mensuales con un profesor\/a invitado\/a a nuestro Conservatorio. En esta ocasi\u00f3n nuestro profesor invitado es&nbsp;<strong>Pedro Navarro Ruano<\/strong>, quien nos dar\u00e1 una clase de introducci\u00f3n a la composici\u00f3n musical.<\/p>\n\n\n\n<p>Como estudiantes de m\u00fasica, comenzar a introducirnos a la composici\u00f3n es muy importante por dos factores principales: en primer lugar por que la composici\u00f3n nos ayuda a entender mucho mejor las obras musicales, y en segundo lugar, porque todos tenemos que desarrollar nuestro sentido m\u00e1s creativo en la m\u00fasica.<\/p>\n\n\n\n<p>No te pierdas esta sesi\u00f3n, ser\u00e1 muy interesante. Adem\u00e1s, el profesor estar\u00e1 a vuestra disposici\u00f3n para contestar vuestras preguntas e inquietudes sobre el tema.<\/p>\n\n\n\n<div style=\"height:50px\" aria-hidden=\"true\" class=\"wp-block-spacer\" data-block-type=\"core\"><\/div>\n\n\n\n<h3 class=\"has-text-align-center wp-block-heading\" data-block-type=\"core\">V\u00eddeo: Clase magistral. Introducci\u00f3n a la composici\u00f3n musical<\/h3>\n\n\n<p data-block-type=\"core\"><div class=\"rcp_restricted rcp_paid_only\"><p><!-- wp:paragraph {\"backgroundColor\":\"very-light-gray\"} --><\/p>\n<p class=\"has-background has-very-light-gray-background-color\"><i class=\"fas fa-lock\"> <\/i> Este contenido est\u00e1 \u00fanicamente disponible para los suscriptores. Puedes <a href=\"#login\"> identificarte aqu\u00ed<\/a> , <a href=\"https:\/\/www.artsmusica.net\/cursos\/niveles-de-suscripcion\/\"> suscribirte<\/a> o <a href=\"https:\/\/www.artsmusica.net\/cursos\/registro\/\">actualizar tu nivel de suscripci\u00f3n<\/a>.<\/p>\n<p><!-- \/wp:paragraph --><\/p>\n<\/div><\/p>\n\n\n\n<div style=\"height:49px\" aria-hidden=\"true\" class=\"wp-block-spacer\" data-block-type=\"core\"><\/div>\n\n\n\n<div style=\"background-color:#f2f2f2;color:#32373c\" class=\"wp-block-genesis-blocks-gb-profile-box square gb-has-avatar gb-font-size-18 gb-block-profile gb-profile-columns\"><div class=\"gb-profile-column gb-profile-avatar-wrap\"><div class=\"gb-profile-image-wrap\"><figure class=\"gb-profile-image-square\"><img data-recalc-dims=\"1\" loading=\"lazy\" decoding=\"async\" width=\"1024\" height=\"768\" class=\"gb-profile-avatar wp-image-13794\" src=\"https:\/\/i0.wp.com\/www.artsmusica.net\/cursos\/wp-content\/uploads\/2021\/01\/pedro_navarro-2.jpg?resize=1024%2C768&#038;ssl=1\" alt=\"\" srcset=\"https:\/\/i0.wp.com\/www.artsmusica.net\/cursos\/wp-content\/uploads\/2021\/01\/pedro_navarro-2.jpg?w=1024&amp;ssl=1 1024w, https:\/\/i0.wp.com\/www.artsmusica.net\/cursos\/wp-content\/uploads\/2021\/01\/pedro_navarro-2.jpg?resize=300%2C225&amp;ssl=1 300w, https:\/\/i0.wp.com\/www.artsmusica.net\/cursos\/wp-content\/uploads\/2021\/01\/pedro_navarro-2.jpg?resize=768%2C576&amp;ssl=1 768w, https:\/\/i0.wp.com\/www.artsmusica.net\/cursos\/wp-content\/uploads\/2021\/01\/pedro_navarro-2.jpg?resize=702%2C526&amp;ssl=1 702w\" sizes=\"auto, (max-width: 1000px) 100vw, 1000px\" \/><\/figure><\/div><\/div><div class=\"gb-profile-column gb-profile-content-wrap\"><h2 class=\"gb-profile-name\" style=\"color:#32373c\">Pedro Navarro Ruano<\/h2><p class=\"gb-profile-title\" style=\"color:#32373c\">Compositor y profesor de m\u00fasica<\/p><div class=\"gb-profile-text\"><p>Comienza sus estudios musicales en la Escuela de M\u00fasica de su ciudad natal (Yecla, Murcia), form\u00e1ndose posteriormente en distintas disciplinas musicales, obteniendo los t\u00edtulos de profesor de Tromb\u00f3n, Profesor Superior de Composici\u00f3n y Profesor Superior de Direcci\u00f3n de Coro.<\/p><p>Como director de coro se forma con el profesor \u00c1ngel Mart\u00edn Matute y perfecciona sus conocimientos asistiendo a cursos y seminarios con los directores Javier Busto, Esteban Sanz V\u00e9lez, Marco Antonio Garc\u00eda de Paz, Basilio Ast\u00falez, Julio Dom\u00ednguez, C\u00e9sar Alejandro Carillo, Tamara Brooks, Vytautas Miskinis, Rupert Damerell y Peter Phillips. Perfecciona su t\u00e9cnica vocal con los profesores Jos\u00e9 Ram\u00edrez, Carmen Lorenzo y Ricardo Castell\u00f3.<\/p><p>Tiene en su haber distintas composiciones que han sido interpretadas tanto en Espa\u00f1a, como en Italia, Reino Unido, Jap\u00f3n y Corea.<\/p><p>Ha dirigido diferentes agrupaciones corales, como por ejemplo, el Coro Uni\u00f3n Musical de Almansa (Albacete) y el Coro Voces de H\u00e9cula de Yecla (Murcia), labor que compagina con la de profesor de Armon\u00eda y An\u00e1lisis en el Conservatorio Superior de M\u00fasica de Castilla-La Mancha y otros conservatorios profesionales.<\/p><\/div><ul class=\"gb-social-links\"><\/ul><\/div><\/div>\n","protected":false},"featured_media":0,"template":"","categories":[],"tags":[38,45],"class_list":{"0":"post-13824","1":"artsmusica_clases","2":"type-artsmusica_clases","3":"status-publish","5":"tag-armonia-y-contrapunto","6":"tag-clases-magistrales","7":"entry"},"featured_image_urls_v2":{"full":"","thumbnail":"","medium":"","medium_large":"","large":"","1536x1536":"","2048x2048":"","sidebar-featured":"","genesis-singular-images":"","gb-block-post-grid-landscape":"","gb-block-post-grid-square":""},"post_excerpt_stackable_v2":"<p>Seguimos con el ciclo de clases magistrales mensuales con un profesor\/a invitado\/a a nuestro Conservatorio. En esta ocasi\u00f3n nuestro profesor invitado es&nbsp;Pedro Navarro Ruano, quien nos dar\u00e1 una clase de introducci\u00f3n a la composici\u00f3n musical. Como estudiantes de m\u00fasica, comenzar a introducirnos a la composici\u00f3n es muy importante por dos factores principales: en primer lugar por que la composici\u00f3n nos ayuda a entender mucho mejor las obras musicales, y en segundo lugar, porque todos tenemos que desarrollar nuestro sentido m\u00e1s creativo en la m\u00fasica. No te pierdas esta sesi\u00f3n, ser\u00e1 muy interesante. Adem\u00e1s, el profesor estar\u00e1 a vuestra disposici\u00f3n para&hellip;<\/p>\n","category_list_v2":"Sin categor\u00eda","author_info_v2":{"name":"","url":""},"comments_num_v2":"0 comentarios","jetpack_sharing_enabled":true,"_links":{"self":[{"href":"https:\/\/www.artsmusica.net\/cursos\/wp-json\/wp\/v2\/artsmusica_clases\/13824","targetHints":{"allow":["GET"]}}],"collection":[{"href":"https:\/\/www.artsmusica.net\/cursos\/wp-json\/wp\/v2\/artsmusica_clases"}],"about":[{"href":"https:\/\/www.artsmusica.net\/cursos\/wp-json\/wp\/v2\/types\/artsmusica_clases"}],"wp:attachment":[{"href":"https:\/\/www.artsmusica.net\/cursos\/wp-json\/wp\/v2\/media?parent=13824"}],"wp:term":[{"taxonomy":"category","embeddable":true,"href":"https:\/\/www.artsmusica.net\/cursos\/wp-json\/wp\/v2\/categories?post=13824"},{"taxonomy":"post_tag","embeddable":true,"href":"https:\/\/www.artsmusica.net\/cursos\/wp-json\/wp\/v2\/tags?post=13824"}],"curies":[{"name":"wp","href":"https:\/\/api.w.org\/{rel}","templated":true}]}}

Clase magistral: Introducción a la composición musical

<div style="height:50px" aria-hidden="true" class="wp-block-spacer" data-block-type="core"></div>



<div class="wp-block-image" data-block-type="core"><figure class="aligncenter size-large"><a href="https://i0.wp.com/www.artsmusica.net/cursos/wp-content/uploads/2021/01/introduccion_a_la_composicion.jpg?ssl=1"><img data-recalc-dims="1" loading="lazy" decoding="async" width="596" height="400" src="https://i0.wp.com/www.artsmusica.net/cursos/wp-content/uploads/2021/01/introduccion_a_la_composicion.jpg?resize=596%2C400&#038;ssl=1" alt="" class="wp-image-13793" srcset="https://i0.wp.com/www.artsmusica.net/cursos/wp-content/uploads/2021/01/introduccion_a_la_composicion.jpg?w=596&amp;ssl=1 596w, https://i0.wp.com/www.artsmusica.net/cursos/wp-content/uploads/2021/01/introduccion_a_la_composicion.jpg?resize=300%2C201&amp;ssl=1 300w" sizes="auto, (max-width: 596px) 100vw, 596px" /></a></figure></div>



<div style="height:50px" aria-hidden="true" class="wp-block-spacer" data-block-type="core"></div>



<p>Seguimos con el ciclo de clases magistrales mensuales con un profesor/a invitado/a a nuestro Conservatorio. En esta ocasión nuestro profesor invitado es&nbsp;<strong>Pedro Navarro Ruano</strong>, quien nos dará una clase de introducción a la composición musical.</p>



<p>Como estudiantes de música, comenzar a introducirnos a la composición es muy importante por dos factores principales: en primer lugar por que la composición nos ayuda a entender mucho mejor las obras musicales, y en segundo lugar, porque todos tenemos que desarrollar nuestro sentido más creativo en la música.</p>



<p>No te pierdas esta sesión, será muy interesante. Además, el profesor estará a vuestra disposición para contestar vuestras preguntas e inquietudes sobre el tema.</p>



<div style="height:50px" aria-hidden="true" class="wp-block-spacer" data-block-type="core"></div>



<h3 class="has-text-align-center wp-block-heading" data-block-type="core">Vídeo: Clase magistral. Introducción a la composición musical</h3>


<p data-block-type="core"><div class="rcp_restricted rcp_paid_only"><p><!-- wp:paragraph {"backgroundColor":"very-light-gray"} --></p>
<p class="has-background has-very-light-gray-background-color"><i class="fas fa-lock"> </i> Este contenido está únicamente disponible para los suscriptores. Puedes <a href="#login"> identificarte aquí</a> , <a href="https://www.artsmusica.net/cursos/niveles-de-suscripcion/"> suscribirte</a> o <a href="https://www.artsmusica.net/cursos/registro/">actualizar tu nivel de suscripción</a>.</p>
<p><!-- /wp:paragraph --></p>
</div></p>



<div style="height:49px" aria-hidden="true" class="wp-block-spacer" data-block-type="core"></div>



<div style="background-color:#f2f2f2;color:#32373c" class="wp-block-genesis-blocks-gb-profile-box square gb-has-avatar gb-font-size-18 gb-block-profile gb-profile-columns"><div class="gb-profile-column gb-profile-avatar-wrap"><div class="gb-profile-image-wrap"><figure class="gb-profile-image-square"><img data-recalc-dims="1" loading="lazy" decoding="async" width="1024" height="768" class="gb-profile-avatar wp-image-13794" src="https://i0.wp.com/www.artsmusica.net/cursos/wp-content/uploads/2021/01/pedro_navarro-2.jpg?resize=1024%2C768&#038;ssl=1" alt="" srcset="https://i0.wp.com/www.artsmusica.net/cursos/wp-content/uploads/2021/01/pedro_navarro-2.jpg?w=1024&amp;ssl=1 1024w, https://i0.wp.com/www.artsmusica.net/cursos/wp-content/uploads/2021/01/pedro_navarro-2.jpg?resize=300%2C225&amp;ssl=1 300w, https://i0.wp.com/www.artsmusica.net/cursos/wp-content/uploads/2021/01/pedro_navarro-2.jpg?resize=768%2C576&amp;ssl=1 768w, https://i0.wp.com/www.artsmusica.net/cursos/wp-content/uploads/2021/01/pedro_navarro-2.jpg?resize=702%2C526&amp;ssl=1 702w" sizes="auto, (max-width: 1000px) 100vw, 1000px" /></figure></div></div><div class="gb-profile-column gb-profile-content-wrap"><h2 class="gb-profile-name" style="color:#32373c">Pedro Navarro Ruano</h2><p class="gb-profile-title" style="color:#32373c">Compositor y profesor de música</p><div class="gb-profile-text"><p>Comienza sus estudios musicales en la Escuela de Música de su ciudad natal (Yecla, Murcia), formándose posteriormente en distintas disciplinas musicales, obteniendo los títulos de profesor de Trombón, Profesor Superior de Composición y Profesor Superior de Dirección de Coro.</p><p>Como director de coro se forma con el profesor Ángel Martín Matute y perfecciona sus conocimientos asistiendo a cursos y seminarios con los directores Javier Busto, Esteban Sanz Vélez, Marco Antonio García de Paz, Basilio Astúlez, Julio Domínguez, César Alejandro Carillo, Tamara Brooks, Vytautas Miskinis, Rupert Damerell y Peter Phillips. Perfecciona su técnica vocal con los profesores José Ramírez, Carmen Lorenzo y Ricardo Castelló.</p><p>Tiene en su haber distintas composiciones que han sido interpretadas tanto en España, como en Italia, Reino Unido, Japón y Corea.</p><p>Ha dirigido diferentes agrupaciones corales, como por ejemplo, el Coro Unión Musical de Almansa (Albacete) y el Coro Voces de Hécula de Yecla (Murcia), labor que compagina con la de profesor de Armonía y Análisis en el Conservatorio Superior de Música de Castilla-La Mancha y otros conservatorios profesionales.</p></div><ul class="gb-social-links"></ul></div></div>

<p>Seguimos con el ciclo de clases magistrales mensuales con un profesor/a invitado/a a nuestro Conservatorio. En esta ocasión nuestro profesor invitado es&nbsp;Pedro Navarro Ruano, quien nos dará una clase de introducción a la composición musical. Como estudiantes de música, comenzar a introducirnos a la composición es muy importante por dos factores principales: en primer lugar por que la composición nos ayuda a entender mucho mejor las obras musicales, y en segundo lugar, porque todos tenemos que desarrollar nuestro sentido más creativo en la música. No te pierdas esta sesión, será muy interesante. Además, el profesor estará a vuestra disposición para&hellip;</p>

Sin categoría
